43. Is z a composite number?
False
Let q be (-4)/(-12) + 11/3. Suppose 2*d = q*d + 3*t + 26, -10 = 2*d - t. Is ((-7)/d)/((-3)/(-381)) a composite number?
False
Suppose 43*u - 28*u = 804180. Let g = u - 37011. Is g prime?
False
Let w be 7945 + 1*(5 - 8). Suppose 2*h + 4*p = 15062, 5*p = -4*h + w + 22197. Is h a composite number?
False
Suppose p - 15234 = 2233. Is p prime?
True
Suppose -24*b + 29*b - 161719 = j, 5*b - 161701 = 4*j. Is b prime?
False
Suppose 0 = -k - 4*c - 63, -7*c + 4*c - 216 = 3*k. Let d = 7 + -2. Is 1173/d + (-5)/k*6 a prime number?
False
Suppose 0 = 5*a + 2*g - 82633, 3*g + 82638 = 2*a + 3*a. Is (2 - 0/4)/(42/a) a prime number?
True
Let r(v) = -3*v + 112. Let o(u) = -u**3 + 10*u**2 - 16*u - 5. Let l be o(8). Is r(l) a composite number?
False
Let z = -775 - -1214. Suppose 57 = 3*d - 87. Let y = z - d. Is y composite?
True
Let k(o) = o**3 + 20*o**2 + 16*o - 57. Let h be k(-19). Suppose m + 385 = 3128. Suppose 0*j - y - 688 = -j, h = -4*j + y + m. Is j composite?
True
Suppose -11*c - 31366 = -13*c. Suppose 2*n - 4*m = 5794 + 4664, -3*n + 2*m + c = 0. Is n a prime number?
True
Suppose 12*f - 417 = -357. Let t = 463 - -538. Suppose -4*u + t = z, -z + 2*z = -f*u + 1252. Is u composite?
False
Suppose -12041*i - 876123 = -12068*i. Is i composite?
True
Suppose 3*o - v = 82, 175 = 5*o - 2*v + 39. Let d = 27 - o. Is 633/d*((-8)/6)/4 composite?
False
Suppose 9*y - 55 + 10 = 0. Is 222*(-4 + 26/4)/y composite?
True
Let j = -5840 - -14905. Let q = j - 4274. Suppose -q + 346 = -5*g. Is g composite?
True
Suppose 4*u - 24 = 0, 54*l - 2*u = 55*l - 9. Let n be (-4)/(-6) + (-37)/(-3). Is (n/(-3))/(1/l) composite?
False
Suppose -6*x + 0*x - 17940 = 0. Let v = 4213 + x. Is v prime?
True
Let w = 16995 + -9613. Is (-2)/(4/w*-1) composite?
False
Let c = 785 - 135. Let l = -352 + c. Is l a prime number?
False
Let f = -152 + 655. Let a = -896 - -608. Let y = f + a. Is y prime?
False
Is (-8)/4 - -5 - (-44535 - -1) composite?
False
Suppose 34*w - 27*w - 42980 = 0. Let h = w - -3327. Is h a prime number?
True
Let b = -58 - -72. Let h(d) = d**3 - 2*d**2 + 3*d + 7. Let o(g) = -g**3 + 3*g**2 - 4*g - 6. Let s(p) = -3*h(p) - 4*o(p). Is s(b) composite?
False
Let d(z) be the first derivative of 467*z**3/3 + z**2/2 - z - 2. Let r(x) = 20*x + 101. Let t be r(-5). Is d(t) a prime number?
True
Suppose 0*p - 2*q - 8 = p, 19 = 2*p - 3*q. Let w be 3/4 + 270945/180. Suppose -w = -p*f - f. Is f a prime number?
False
Suppose 126*c + d - 613404 = 123*c, -4*c + 4*d = -817888. Is c prime?
False
Let c(v) = -143*v - 45. Let t be 2*1/((-1)/2). Is c(t) prime?
False
Suppose -5*f + 22 = 2. Suppose -g + 6157 = 1180. Suppose f*m = -5*m + g. Is m prime?
False
Let a = -226422 - -411119. Is a composite?
True
Suppose 308929 = 14*h + 127933 - 480350. Is h a prime number?
False
Let v = -61 + 63. Suppose 3*c - 1 = -v*x, 5*x + 2*c = 7*x + 14. Let s(d) = -176*d - 1. Is s(x) composite?
True
Let p be -2 + -1 - (3 + 2). Let s be ((-2)/(-4))/(p/32). Is (s/(-8))/(11/46156) composite?
False
Let o(u) = u**2 - 13*u + 12. Let p = 56 - 44. Let f be o(p). Suppose 0*x + 4*m = 3*x - 4223, 2*m - 2 = f. Is x composite?
False
Let j = 10933 - 7711. Suppose p = 5*o - 5167 - 195, j = 3*o + p. Is o a composite number?
True
Suppose 3*a + 14898 = -28710. Let m = a - -21753. Is m composite?
True
Let y(b) be the second derivative of 13*b**5/3 - b**4/8 - b**3/2 - b**2 + b. Let z(n) be the first derivative of y(n). Is z(-2) a composite number?
True
Is -1*(-41231)/(-7)*-57 + (-30)/(-35) a composite number?
True
Let j(g) = -6962*g - 3733. Is j(-6) prime?
True
Let f(s) = -4*s + 35. Let g be f(1). Suppose -g*z + 29*z + 34022 = 0. Is z a composite number?
False
Let t(l) = -13*l - 68. Let r be t(-6). Is 10003 - 0/((-5 + r)/(-5)) prime?
False
Let z = 7102 - 12102. Let m = -2947 - z. Is m prime?
True
Is (-2)/(4 + 1 - (5 - 10/(-555145))) composite?
False
Let b be 12/(-5)*(-58 + 21/(-3)). Suppose 8270 = b*s - 154*s. Is s prime?
False
Suppose 2195768 + 440944 = 39*d. Let n = d - 45895. Is n a composite number?
False
Is 5/((-20)/(-743998)) + 3*8/16 a composite number?
True
Let a(u) = -3408*u - 2601. Is a(-23) prime?
False
Suppose 753413 = 4*r - 3*z, -11*r + z + 188354 = -10*r. Is r composite?
False
Suppose -4*f - 3*x = -540553, 3770*f = 3773*f - 4*x - 405371. Is f a prime number?
False
Let j be (-14)/(-4)*(-3 - -1). Let q(b) = -22*b**3 + 2*b**2 + 5*b - 8. Is q(j) a composite number?
True
Let w(z) = 18*z**2 + 6*z - 7. Let f be ((-3)/2)/(13/(-10) - -1). Suppose 2*g = g - f. Is w(g) a prime number?
False
Let y = 72 + -72. Suppose y = 11*f - 7*f - 13880. Suppose f - 14485 = -5*o. Is o prime?
True
Suppose -478 = -7*f + 145. Let s = f + -85. Suppose -s*p + 146 = -870. Is p composite?
True
Let x = 965 - 967. Is x - (45*120)/(-8) composite?
False
Let z = 222033 + -148094. Is z a composite number?
False
Suppose 5299 = 2*i - 6*u + u, -5*u = -4*i + 10603. Let j = -1093 + i. Is j a prime number?
True
Let x(c) = 24*c**2 + 15*c + 44. Suppose -10*b + 14*b = -60. Is x(b) prime?
False
Suppose -13*j - j + 126 = 0. Let t(a) = -a**3 + 10*a**2 - 10*a + 9. Let i be t(j). Suppose 2*u + u - 1473 = i. Is u composite?
False
Let x(j) = 91114*j**2 + 759*j + 3015. Is x(-4) prime?
True
Let f = -28673 + 53868. Is f a composite number?
True
Suppose -y - 904*k = -908*k - 307369, y - 307363 = k. Is y prime?
True
Suppose 0 = -2*h + 3*u + 7286 + 27035, h = u + 17158. Is h composite?
True
Suppose l + 71957 = 4*g - 846919, -2*g - 5*l + 459482 = 0. Is g composite?
True
Let z(v) = 129*v - 15. Let j be 2/(-2) - (-2 + 1 - 5). Let h be z(j). Let l = -335 + h. Is l prime?
False
Let m be 14/(-4) - 2/(-4). Let k be 0 + 1 + (-8 - -4 - m). Is ((1 - k) + 22)*(-2 - -7) a composite number?
True
Let c(v) = -v**2 - 17*v - 15. Let r be c(-17). Is 4*(73 + (-3)/(3 + r)) a prime number?
True
Let b = -988 - -5558. Suppose 0 = -7*c + b + 5727. Is c prime?
True
Suppose 4*g - 442 = 466. Let h = g + -67. Let p = 1005 + h. Is p prime?
False
Let i = -49365 + 23578. Let p = -14044 - i. Is p a prime number?
True
Is 189525 - (12/28 + (-176)/(-112)) a composite number?
False
Let l(a) = a**2 - 14*a - 12. Let v be l(15). Suppose 711 + 13448 = v*h + 4*w, 4*h - 2*w - 18908 = 0. Suppose -12*o + h = -3351. Is o composite?
False
Let o = 2714 - 1671. Let d = o - 667. Let a = -213 + d. Is a composite?
False
Let v(h) = 4*h + 0*h + 0*h - 8*h + 5 + 101*h**2. Let k be v(1). Let d = k + -71. Is d a composite number?
False
Suppose 0 = 2*b + 19 + 17. Let w = b + 39. Suppose -a - w = -440. Is a prime?
True
Let c(h) = -8831*h**3 - h**2 - 12*h + 31. Is c(-3) prime?
False
Suppose 0 = 804*n - 811*n + 137557. Is n a composite number?
True
Is (-350369)/(-4) - (2 - -4)/(-15 - -7) a composite number?
True
Let n = -11017 + 22289. Is (-3)/((-24)/n + 0) composite?
False
Let y = -10361 + 22923. Let z = y - 6245. Is z composite?
False
Suppose 178*g = -55*g + 1470358 + 150027873. Is g composite?
True
Suppose 120*l + 38 = 101*l. Is -3 + (496/(-93))/(l/6420) composite?
False
Suppose 248086 = 2*f - 310*t + 305*t, 4*f + 2*t - 496172 = 0. Is f prime?
False
Let v = 562 - 532. Is 123327/v - 16/(-160) a composite number?
False
Suppose 0 = 3*k - 178946 - 60067. Is k composite?
True
Let p be ((0 - 0)/(-1))/(-20 + 18). Let v be (-1)/(-3) - ((-84)/18 - p). Suppose 0 = v*f - 427 - 1908. Is f a composite number?
False
Is (-2)/(-3)*-3*171143454/(-204) composite?
False
Let w(f) = 155*f - 18. Let m be w(-9). Let l = m - -3188. Suppose -l = 6*j - 11*j. Is j composite?
True
Let b(z) = -4628*z - 2927. Is b(-6) prime?
True
Let j be ((-3)/(-6))/((-5)/50). Let k(s) = s - 16. Let y(w) = 2. Let b(l) = -2*k(l) - 10*y(l). Is b(j) prime?
False
Let t = 1081 + 1651. Suppose -t - 1675 = -3*z. Is z prime?
False
Let n(a) = a**2 + 11*a + 35. Let p be n(-8). Suppose -3*d - p*s + 13*s + 677 = 0, -5*d - 2*s = -1107. Is d a composite number?
False
Let h(d) = 23*d**2 + 101*d + 159. Is h(-35) prime?
True
Suppose 3*a = 13*i - 10*i + 40719, -27132 = -2*a - 5*i. Is a composite?
True
Let f(d) be the third derivative of -7*d**6/120 - 5*d**4/24 - d**3/6 + 2*d**2 - 56. Let m = -6 - -2. Is f(m) a composite number?
False
Let h(l) = l**2 - 5*l - 26. Let y be ((-22)/(-4) + -1)*16/(-6). Let t be h(y). Is (-1)/(-3 - (-532)/t) prime?
True
Let l(z) = 1. Let b = 7 - 6. Let a(u